pose 139*y + 44*y + 436919 - 1456595 = 0. What is the hundreds digit of y?
5
Suppose -2*x + 3*x = 1. Let c(q) = 12*q - 7. Let h be c(x). Suppose h*t + 7 = 627. What is the hundreds digit of t?
1
Suppose 4*x = 6*x - 2*v - 2100, -v + 3 = 0. Suppose 93 = 6*t - x. What is the tens digit of t?
9
What is the tens digit of ((-1)/1)/(36/(-21996))?
1
Let b = -176 - -296. What is the units digit of 45/b - (-12954)/16?
0
Let t = 90 - 81. Suppose t*x - 12 = 10*x. What is the tens digit of (1 - -2)*(-884)/x + 4?
2
Let c = -601 + 571. What is the thousands digit of c*(101/(-2) + 8)?
1
Suppose 0 = -f - 3*m + 31703 + 17930, m = -2*f + 99306. What is the hundreds digit of f?
6
Let h = 10 - 7. Suppose -4*w = -w + h. What is the units digit of 61 - 16/(-3 + w)?
5
Let d(u) = 15192*u**3 - 5*u**2 + 37*u - 34. What is the thousands digit of d(1)?
5
Suppose -6733661 = -272*u + 59*u + 1573126. What is the units digit of u?
9
Suppose 313295 = 70*u - 301427 - 37818. What is the tens digit of u?
2
Let k be 3*((150/(-9))/5 - -2). Let v be 11 + 5 - (1 + (-2 - k)). Suppose -9*t + v*t - 176 = 0. What is the tens digit of t?
4
Let r(t) = t**3 - t**2 + t + 4. Let k = 47 - 47. Let j be r(k). Suppose -3*c - 3*x = -405, -4*x = -j*c - x + 561. What is the tens digit of c?
3
Let p(b) = -4*b - 80. Let h be p(-20). Suppose 4*r + 18*r - 6160 = h. What is the tens digit of r?
8
Let i be 9/(18/(-476)) + 5. Suppose -5*t = 5*m + 750, -5*t = -m + 4*m + 760. Let q = t - i. What is the tens digit of q?
7
Let o(n) be the second derivative of 45*n**3 - 7*n**2 - 79*n. What is the tens digit of o(1)?
5
Let a(c) = 8*c**2 + 11*c - 2. Let o be a(-5). Let u = o + -91. What is the units digit of u?
2
Let p(x) = 2*x**2 + 7*x - 9. Let w be p(-5). Let b(u) = u**2 + 3*u - 8. Let d be b(w). Suppose 4*v - d = 90. What is the tens digit of v?
3
Let h(u) be the second derivative of -40*u**3/3 + 204*u**2 + 2*u + 66. What is the hundreds digit of h(-5)?
8
Suppose 140 = i + 5*d, 4*i + 3*d - 4*d = 497. Suppose -5*c = 4*x, 3*c + 3 = -9. Suppose 100 = 5*a - v, -i = -x*a - 2*v - 2*v. What is the units digit of a?
1
Suppose -2*d + 4*d = 26. Let l(i) = i**3 - 12*i**2 - 10*i + 8. Let c be l(d). Let m = 20 + c. What is the units digit of m?
7
Let y(w) = 2*w**3 - 21*w**2 + 3*w - 100. What is the thousands digit of y(23)?
3
Let c = 4922 - 3120. Suppose 1766 = 16*v - c. What is the hundreds digit of v?
2
Let y(s) = 538*s**2 - 59*s - 222. What is the hundreds digit of y(-4)?
6
Let m = 75 - 73. Suppose 5*g - 2147 = p, -m*g - p + 854 = -3*p. What is the tens digit of g?
3
Suppose -2*i - 46 = -4*i. Let f = i - -17. What is the tens digit of 0 + 3 + f + 0?
4
What is the units digit of ((-1 - -2) + 6284)*(-4 + 14 - 7)?
5
Let w = -14181 + 27281. What is the units digit of w?
0
Let a(g) = 27*g**2 + 32*g + 161. What is the hundreds digit of a(-19)?
3
Suppose 93*s + 146*s - 11802600 = 89*s. What is the hundreds digit of s?
6
Suppose -8*a + 9425 = -3*a. Suppose -4025 = -10*r + a. What is the hundreds digit of r?
5
Let g(w) = -25*w - 21*w - 95 - 2*w - 39*w. What is the units digit of g(-7)?
4
Let a be (-5)/(20/1752) - 5. What is the units digit of 4 - (3 - -4) - a?
0
Let b be (-250)/(-90) + (-4)/(-18). Suppose -k + 110 = -b*k. Let u = k + 100. What is the tens digit of u?
4
Suppose 4*z - 3*l = z + 723, 2*l + 972 = 4*z. Suppose -226*g - 2812 = -z*g. What is the hundreds digit of g?
1
Suppose 3*q = -b + 1, -2*b = 5*q - 0*q. Let w(v) = -92*v - 7. What is the tens digit of w(b)?
5
Let t be ((-20)/3 - -3)*-48 - 0. Suppose -4*o + t = -132. Let v = -49 + o. What is the tens digit of v?
2
Suppose -48*u + 51*u + 2*r = 107162, 5*r = -u + 35725. What is the thousands digit of u?
5
Suppose 24*v - 25*v + 2*n = -6101, -3*n = -5*v + 30505. What is the units digit of v?
1
Suppose 0 = -4*u - 5*i + 10477, -11766 + 3903 = -3*u - 2*i. What is the thousands digit of u?
2
Let i(s) = s**3 + 15*s**2 + 19*s + 13. Suppose 33 - 57 = 6*o. Let z(j) = j**3 + 4*j**2 + j - 9. Let l be z(o). What is the hundreds digit of i(l)?
1
Let q(p) = 2*p**3 + 6*p**2 - 2*p + 3. Let z be q(-5). Let c = -70 - z. Suppose c = 4*b - 47. What is the tens digit of b?
1
Let z(i) = -36*i + 9. Let m be z(-3). Suppose -223 = -5*k - c, 0*k - 3*k = -5*c - m. Let j = k - -3. What is the units digit of j?
7
Suppose 4*t = 2*w - 5050, 1399 = w + 2*t - 1102. What is the hundreds digit of w?
5
Let a = 82 + -62. What is the hundreds digit of 15/((a/4)/75)?
2
Let q(b) = -99*b - 83. Suppose -2*w - 3*t + 7 = 0, -2*t + 9 + 1 = 0. What is the hundreds digit of q(w)?
3
Let q(f) = f**3 + 11*f**2 - 11*f + 8. Let m be q(-12). What is the tens digit of (-55352)/(-110)*1*(-10)/m?
5
Let g(z) = z**3 - 18*z**2 - 14 - 2*z**3 + z**2 - z. Let o(b) = 20*b - 97. Let s be o(4). What is the units digit of g(s)?
3
Let g(q) = q + 7. Let s be g(-8). Let v(l) = 167*l**2. Let h be v(s). Suppose -4*i - r + 319 = 0, 0 = i + i + 3*r - h. What is the tens digit of i?
7
Suppose 6*j - 9*j = q - 18, 40 = 4*q + 4*j. Let n be (2 + -13)/(1/2). Let y = q - n. What is the tens digit of y?
2
What is the thousands digit of (-136)/(18 - 14640/813)?
8
Let t be (-54)/81 + (456/9)/4. What is the tens digit of (2/t*9)/(2/1012)?
5
What is the ten thousands digit of (1375/(-165))/(10/(-15492))?
1
Let k(m) = 8 + 25*m - 49*m + m**2 + 19*m. Let b = -33 - -38. What is the units digit of k(b)?
8
Let j = 5939 - -323. What is the thousands digit of j?
6
Suppose 0 = 269*c - 243*c - 319715 - 1220499. What is the hundreds digit of c?
2
Suppose 10*t - 4*p + 44 = 6*t, 41 = -5*t - 2*p. What is the units digit of (-1046)/(-1) + (-3)/(t/(-12))?
2
Suppose 0 = -2*y - g + 134579, 322*y - 4*g + 134576 = 324*y. What is the units digit of y?
0
Let o(v) = -199*v - 53. Let s(j) = -7*j - 1. Let z(p) = o(p) - 4*s(p). What is the hundreds digit of z(-6)?
9
Suppose -8*y - 1523 + 6019 = 0. Let n = y - 276. Suppose -4*o - 430 = -2*s, o + 77 = -s + n. What is the tens digit of s?
1
Suppose 5*i - 5*h + 0*h = 840, 0 = 5*i - 4*h - 837. What is the units digit of (-3 - i/(-9))/((-19)/(-399))?
2
Let l(h) = 308*h - 37. Let d be l(-5). Let v = -1119 - d. What is the hundreds digit of v?
4
Let y(d) = -d**3 + 8*d**2 - 15*d + 15. Let l = 17 - 11. Let x be y(l). What is the tens digit of 88 - ((-1 - x) + 0)?
8
Let f(o) = 386*o - 5464. What is the units digit of f(48)?
4
Let q(y) = -y**2 - 9*y + 41. Let u be q(-12). Suppose 3*i = -5*g + u*i + 2349, 4*g - 1899 = -5*i. What is the units digit of g?
1
Let o(j) be the second derivative of -85*j**3/6 - 24*j**2 - 46*j. Let k be o(-6). What is the tens digit of k/9*54/21?
3
Let o(i) = -6*i - 60. Let z be o(-17). Let p = z - 36. What is the units digit of p?
6
Suppose 3*g = -95 + 401. Let a(f) = -8*f + 19. Let m be a(8). Let j = m + g. What is the units digit of j?
7
Suppose 27*y - 23*y = 20. Suppose -5*u + y*h = -0*h - 315, u - 51 = -5*h. What is the tens digit of u?
6
Suppose -50*p - 2098036 - 258239 = -139*p. What is the ten thousands digit of p?
2
Suppose -5*g = 3*f - 70097, -2*g + 3*f = -15036 - 13007. What is the hundreds digit of g?
0
Suppose 9*z - 26 = 19. Suppose 12 = -z*k - 2*g, -5*g + 4*g = 4*k + 12. What is the hundreds digit of 1 + (111 - 16/k)?
1
Let i = 86 + -51. Let x = -27 + i. Let q(u) = u**3 - 6*u**2 - 10*u + 12. What is the tens digit of q(x)?
6
Let d(l) = -l**2 + 7*l + 30. Let f be d(10). Suppose 61*v + 50976 - 137901 = f. What is the tens digit of v?
2
Let g = -32 - -17. Let f(b) be the third derivative of -b**5/60 - 5*b**4/6 - 3*b**3/2 + 41*b**2 + 4. What is the units digit of f(g)?
6
What is the ten thousands digit of (20 - 13) + (48365 - 9) + 5?
4
Suppose 17142*b = 17187*b - 376290. What is the hundreds digit of b?
3
Let h be (711/(-6))/(-3)*2. Let t = -114 + h. Let a = -25 - t. What is the tens digit of a?
1
Suppose -19*q + 17*q = 0. Let y = q - 0. Suppose -2*s + s - 3*t + 248 = y, -s + 4*t + 213 = 0. What is the hundreds digit of s?
2
Let u = -4802 + 7534. What is the thousands digit of u?
2
Let k(o) = 8*o**3 + 3*o**2 + 13*o + 39. Let j be k(-6). What is the tens digit of (5/5)/((-3)/j)?
5
Let a(h) = -106*h**3 - 17*h**2 + h - 12. Let b(k) = -52*k**3 - 9*k**2 + k - 6. Let c(r) = 6*a(r) - 11*b(r). What is the hundreds digit of c(-2)?
5
Suppose 0 = -2*g - 3*a - 381, 0 = 4*g - g + 4*a + 574. Let d = 300 + g. What i